{"id":8872,"date":"2021-06-16T15:39:51","date_gmt":"2021-06-16T13:39:51","guid":{"rendered":"https:\/\/www.premiostrega.it\/PSR\/?page_id=8872"},"modified":"2021-06-23T16:49:16","modified_gmt":"2021-06-23T14:49:16","slug":"annuncio-della-vincitrice-del-miglior-libro-desordio","status":"publish","type":"page","link":"https:\/\/www.premiostrega.it\/PSR\/annuncio-della-vincitrice-del-miglior-libro-desordio\/","title":{"rendered":"Annuncio della vincitrice del miglior libro d\u2019esordio"},"content":{"rendered":"<p><img fetchpriority=\"high\" decoding=\"async\" class=\"aligncenter size-full wp-image-8869\" src=\"https:\/\/www.premiostrega.it\/PSR\/wp-content\/uploads\/2021\/06\/news-insidePSR21_Card_Esordiente.png\" alt=\"immagine per Premio Strega Ragazze e Ragazzi. Annuncio della vincitrice del miglior libro d\u2019esordio\" width=\"1280\" height=\"1166\" data-attachment=\"8869\" srcset=\"https:\/\/www.premiostrega.it\/PSR\/wp-content\/uploads\/2021\/06\/news-insidePSR21_Card_Esordiente.png 1280w, https:\/\/www.premiostrega.it\/PSR\/wp-content\/uploads\/2021\/06\/news-insidePSR21_Card_Esordiente-300x273.png 300w, https:\/\/www.premiostrega.it\/PSR\/wp-content\/uploads\/2021\/06\/news-insidePSR21_Card_Esordiente-1024x933.png 1024w, https:\/\/www.premiostrega.it\/PSR\/wp-content\/uploads\/2021\/06\/news-insidePSR21_Card_Esordiente-768x700.png 768w, https:\/\/www.premiostrega.it\/PSR\/wp-content\/uploads\/2021\/06\/news-insidePSR21_Card_Esordiente-329x300.png 329w, https:\/\/www.premiostrega.it\/PSR\/wp-content\/uploads\/2021\/06\/news-insidePSR21_Card_Esordiente-360x328.png 360w, https:\/\/www.premiostrega.it\/PSR\/wp-content\/uploads\/2021\/06\/news-insidePSR21_Card_Esordiente-750x683.png 750w\" sizes=\"(max-width: 1280px) 100vw, 1280px\" \/><br \/>\n<i>Roma 16 giugno 2021. <\/i>Il Comitato scientifico del Premio Strega Ragazze e Ragazzi, presieduto da <b>Giovanni Solimine <\/b>e composto da <b>Laura Bellacicco<\/b>, <b>Angelo Piero Cappello<\/b>, <b>Flavia Cristiano<\/b>, <b>Fabio Geda<\/b>, <b>Grazia Gotti<\/b>, <b>Martino Negri <\/b>ed <b>Elena Pasoli<\/b>, annuncia la <b>vincitrice del miglior libro di esordio<\/b>, istituito a partire da questa sesta edizione.<\/p>\n<p>Tra le <b>13 <\/b>opere prime proposte dagli editori, il Comitato scientifico ha selezionato tre titoli finalisti: <b>Annet Schaap<\/b>, <i>Lucilla <\/i>(La Nuova Frontiera Junior); <b>Giorgia Simoncelli<\/b><i>, <\/i><i>Il disegnatore di nuvole <\/i>(Edizioni Piuma); <b>Maddalena Vaglio Tanet<\/b>, <i>Il cavolo di Troia e altri miti sbagliati <\/i>(Rizzoli). Tra questi \u00e8 risultata vincitrice<\/p>\n<ul>\n<li><strong>Annet Schaap<\/strong>, <em>Lucilla<\/em> (La Nuova Frontiera Junior) tradotto da Anna Becchi.<\/li>\n<\/ul>\n<p>Il <b>Premio Strega Ragazze e Ragazzi <\/b>viene assegnato a libri di narrativa per bambini e ragazzi pubblicati in Italia, anche in traduzione. Alla scadenza del termine per le candidature, abbiamo ricevuto dagli editori <b>31 <\/b>proposte per la categoria 6+, <b>49 <\/b>per la categoria 8+ e <b>54 <\/b>per la categoria 11+. A partire da quest\u2019anno, infatti, le categorie in concorso sono tre: una per libri destinati a lettrici e lettori dai 6 ai 7 anni (<b>6+<\/b>), una per lettrici e lettori dagli 8 ai 10 anni (<b>8+<\/b>), una per lettrici e lettori dagli 11 ai 13 anni (<b>11+<\/b>).<\/p>\n<p>Dato l\u2019alto numero di candidature, il Comitato ha ritenuto necessario dedicare all\u2019esame dei libri proposti un tempo di lettura maggiore. Pertanto ha reso nota una <b>preselezione <\/b>per ogni categoria di concorso, composta da un massimo di dodici titoli. Le <b>terzine finaliste <\/b>nelle tre categorie saranno annunciate a settembre, all\u2019inizio del nuovo anno scolastico. Questi i titoli della preselezione:<\/p>\n<h3>Categoria 6+<\/h3>\n<ul>\n<li><strong>Alex Cousseau<\/strong>,\u00a0<em>Murdo \u2013 Il libro dei sogni impossibili\u00a0<\/em>(L\u2019Ippocampo)<\/li>\n<li><strong>Emanuela Da Ros<\/strong>,\u00a0<em>Penka la mucca clandestina\u00a0<\/em>(Feltrinelli)<\/li>\n<li><strong>Luigi Dal Cin<\/strong>,<em>Memorie di un ciliegio\u00a0<\/em>(Emme Edizioni)<\/li>\n<li><strong>Giuseppe Ferrario<\/strong>,\u00a0<em>Thoni<\/em><em> e<\/em> <em>i s<\/em><em>uoi <\/em><em>c<\/em><em>ugini. Un\u2019estate <\/em><em>f<\/em><em>uor <\/em><em>d<\/em><em>\u2019acqua\u00a0<\/em>(HarperCollins)<\/li>\n<li><strong>Laura Imai Messina<\/strong>,\u00a0<em>Goro Goro\u00a0<\/em>(Salani)<\/li>\n<li><strong>Rose Lagercrantz<\/strong>,\u00a0<em>Il mio cuore ride e saltella\u00a0<\/em>(Il Castoro)<\/li>\n<li><strong>Elisa Mazzoli<\/strong>,\u00a0<em>50 storie per stare insieme alle storie\u00a0<\/em>(Pulce)<\/li>\n<li><strong>Guido Quarzo<\/strong>,\u00a0<em>Il bambino, la volpe e il buio\u00a0<\/em>(Edizioni San Paolo)<\/li>\n<\/ul>\n<h3>Categoria 8+<\/h3>\n<ul>\n<li><strong>Alice Keller<\/strong>,\u00a0<em>Caro signor F.\u00a0<\/em>(Camelozampa)<\/li>\n<li><strong>H\u00e5kon \u00d8vre\u00e5s<\/strong>,\u00a0<em>Aaron X\u00a0<\/em>(Giunti Editore)<\/li>\n<li><strong>Angelo Petrosino<\/strong>,\u00a0<em>Le avventure della gatta Ludovica\u00a0<\/em>(Einaudi Ragazzi)<\/li>\n<li><strong>Bjarne Reuter<\/strong>,\u00a0<em>Elise e il cane di seconda mano\u00a0<\/em>(Iperborea)<\/li>\n<li><strong>Maddalena Vaglio Tanet<\/strong>,\u00a0<em>Il cavolo di Troia e altri miti sbagliati\u00a0<\/em>(Rizzoli)<\/li>\n<li><strong>Anna Vivarelli<\/strong>,\u00a0<em>La casa delle meraviglie\u00a0<\/em>(Feltrinelli)<\/li>\n<li><strong>Anna Woltz<\/strong>,\u00a0<em>Tess e la settimana pi\u00f9 folle della mia vita\u00a0<\/em>(Beisler)<\/li>\n<li><strong>Juris Zvirgzdi\u0146\u0161<\/strong>,\u00a0<em>Rinoceronte alla Riscossa\u00a0<\/em>(Sinnos)<\/li>\n<\/ul>\n<h3>Categoria 11+<\/h3>\n<ul>\n<li><strong>Anne Blankman<\/strong>,\u00a0<em>Blackbird. I colori del cielo\u00a0<\/em>(Giunti Editore)<\/li>\n<li><strong>Manlio Castagna<\/strong>,\u00a0<em>La notte delle malombre\u00a0<\/em>(Mondadori)<\/li>\n<li><strong>Sharon Draper<\/strong>,\u00a0<em>Divisa in due\u00a0<\/em>(Feltrinelli)<\/li>\n<li><strong>Malika Ferdjoukh<\/strong>,\u00a0<em>Quattro sorelle. Enid\u00a0<\/em>(Pension Lepic)<\/li>\n<li><strong>Alice Keller<\/strong>,\u00a0<em>Il solitario di Rodriguez\u00a0<\/em>(Risma Libri)<\/li>\n<li><strong>Paul Martin<\/strong>,\u00a0<em>Violetta Urlavento. La battaglia della Protettrice\u00a0<\/em>(Terre di mezzo)<\/li>\n<li><strong>Davide Morosinotto<\/strong>,\u00a0<em>La pi\u00f9 grande\u00a0<\/em>(Rizzoli)<\/li>\n<li><strong>Annet Schaap<\/strong>,\u00a0<em>Lucilla\u00a0<\/em>(La Nuova Frontiera Junior)<\/li>\n<li><strong>Fatima Sharafeddine<\/strong>,\u00a0<em>Faten\u00a0<\/em>(Gallucci)<\/li>\n<li><strong>Silvia Vecchini<\/strong>,\u00a0<em>Prima che sia notte\u00a0<\/em>(Bompiani)<\/li>\n<li><strong>Jakob Wegelius<\/strong>,\u00a0<em>La scimmia dell\u2019assassino\u00a0<\/em>(Iperborea)<\/li>\n<li><strong>Ross Welford<\/strong>,\u00a0<em>Il ragazzo di 1000 anni\u00a0<\/em>(HarperCollins)<\/li>\n<\/ul>\n<p>Nato con lo scopo di andare alle radici della passione per la lettura promuovendone l\u2019alto valore formativo, il Premio Strega Ragazze e Ragazzi coinvolge nell\u2019assegnazione del riconoscimento circa duemila studenti, <b>fra i 6 e i 13 anni di et\u00e0<\/b>, di <b>160 scuole <\/b>primarie e secondarie di primo grado in Italia e all\u2019estero, invitandoli a rivelare quali sono le storie, i personaggi e gli autori pi\u00f9 amati.<\/p>\n<p>Grazie alla rinnovata collaborazione con <b>IBS.it La Feltrinelli<\/b>, sponsor tecnico del Premio, ciascun giurato ricever\u00e0 un buono del valore di 5 euro per l\u2019acquisto dei libri selezionati, mentre le scuole coinvolte riceveranno una copia dei libri finalisti a sostegno delle biblioteche d\u2019istituto.<\/p>\n<p>In linea con la nuova configurazione del Premio, <b>BPER Banca <\/b>consegner\u00e0 tre riconoscimenti in denaro, destinati all\u2019acquisto di attrezzature scolastiche, rispettivamente a una scuola che compone la giuria della categoria 6+ e a una della categoria 8+, per le originali attivit\u00e0 di promozione della lettura svolte a partire dai libri finalisti. Sar\u00e0 premiato inoltre uno studente della giuria 11+ per la migliore recensione a un libro finalista nella propria categoria di concorso.<\/p>\n<p>Il Premio Strega Ragazze e Ragazzi \u00e8 promosso da <b>Fondazione Maria e Goffredo Bellonci <\/b>e <b>Strega Alberti Benevento<\/b>, organizzatori del <b>Premio Strega<\/b>, con il <b>Centro per il libro e la lettura <\/b>e <b>Bologna Fiere-Bologna Children\u2019s Book Fair<\/b>, in collaborazione con <b>BPER Banca <\/b>e <b>IBS.it La Feltrinelli<\/b>.<\/p>\n","protected":false},"excerpt":{"rendered":"<p>Roma 16 giugno 2021. Il Comitato scientifico del Premio Strega Ragazze e Ragazzi, presieduto da Giovanni Solimine e composto da Laura Bellacicco, Angelo Piero Cappello, Flavia Cristiano, Fabio Geda, Grazia Gotti, Martino Negri ed Elena Pasoli, annuncia la vincitrice del miglior libro di esordio, istituito a partire da questa sesta edizione. Tra le 13 opere [&hellip;]<\/p>\n","protected":false},"author":1,"featured_media":1437,"parent":0,"menu_order":0,"comment_status":"closed","ping_status":"closed","template":"","meta":{"footnotes":""},"class_list":["post-8872","page","type-page","status-publish","has-post-thumbnail","hentry"],"_links":{"self":[{"href":"https:\/\/www.premiostrega.it\/PSR\/wp-json\/wp\/v2\/pages\/8872","targetHints":{"allow":["GET"]}}],"collection":[{"href":"https:\/\/www.premiostrega.it\/PSR\/wp-json\/wp\/v2\/pages"}],"about":[{"href":"https:\/\/www.premiostrega.it\/PSR\/wp-json\/wp\/v2\/types\/page"}],"author":[{"embeddable":true,"href":"https:\/\/www.premiostrega.it\/PSR\/wp-json\/wp\/v2\/users\/1"}],"replies":[{"embeddable":true,"href":"https:\/\/www.premiostrega.it\/PSR\/wp-json\/wp\/v2\/comments?post=8872"}],"version-history":[{"count":4,"href":"https:\/\/www.premiostrega.it\/PSR\/wp-json\/wp\/v2\/pages\/8872\/revisions"}],"predecessor-version":[{"id":8968,"href":"https:\/\/www.premiostrega.it\/PSR\/wp-json\/wp\/v2\/pages\/8872\/revisions\/8968"}],"wp:featuredmedia":[{"embeddable":true,"href":"https:\/\/www.premiostrega.it\/PSR\/wp-json\/wp\/v2\/media\/1437"}],"wp:attachment":[{"href":"https:\/\/www.premiostrega.it\/PSR\/wp-json\/wp\/v2\/media?parent=8872"}],"curies":[{"name":"wp","href":"https:\/\/api.w.org\/{rel}","templated":true}]}}

<p><img fetchpriority="high" decoding="async" class="aligncenter size-full wp-image-8869" src="https://www.premiostrega.it/PSR/wp-content/uploads/2021/06/news-insidePSR21_Card_Esordiente.png" alt="immagine per Premio Strega Ragazze e Ragazzi. Annuncio della vincitrice del miglior libro d’esordio" width="1280" height="1166" data-attachment="8869" srcset="https://www.premiostrega.it/PSR/wp-content/uploads/2021/06/news-insidePSR21_Card_Esordiente.png 1280w, https://www.premiostrega.it/PSR/wp-content/uploads/2021/06/news-insidePSR21_Card_Esordiente-300x273.png 300w, https://www.premiostrega.it/PSR/wp-content/uploads/2021/06/news-insidePSR21_Card_Esordiente-1024x933.png 1024w, https://www.premiostrega.it/PSR/wp-content/uploads/2021/06/news-insidePSR21_Card_Esordiente-768x700.png 768w, https://www.premiostrega.it/PSR/wp-content/uploads/2021/06/news-insidePSR21_Card_Esordiente-329x300.png 329w, https://www.premiostrega.it/PSR/wp-content/uploads/2021/06/news-insidePSR21_Card_Esordiente-360x328.png 360w, https://www.premiostrega.it/PSR/wp-content/uploads/2021/06/news-insidePSR21_Card_Esordiente-750x683.png 750w" sizes="(max-width: 1280px) 100vw, 1280px" /><br />
<i>Roma 16 giugno 2021. </i>Il Comitato scientifico del Premio Strega Ragazze e Ragazzi, presieduto da <b>Giovanni Solimine </b>e composto da <b>Laura Bellacicco</b>, <b>Angelo Piero Cappello</b>, <b>Flavia Cristiano</b>, <b>Fabio Geda</b>, <b>Grazia Gotti</b>, <b>Martino Negri </b>ed <b>Elena Pasoli</b>, annuncia la <b>vincitrice del miglior libro di esordio</b>, istituito a partire da questa sesta edizione.</p>
<p>Tra le <b>13 </b>opere prime proposte dagli editori, il Comitato scientifico ha selezionato tre titoli finalisti: <b>Annet Schaap</b>, <i>Lucilla </i>(La Nuova Frontiera Junior); <b>Giorgia Simoncelli</b><i>, </i><i>Il disegnatore di nuvole </i>(Edizioni Piuma); <b>Maddalena Vaglio Tanet</b>, <i>Il cavolo di Troia e altri miti sbagliati </i>(Rizzoli). Tra questi è risultata vincitrice</p>
<ul>
<li><strong>Annet Schaap</strong>, <em>Lucilla</em> (La Nuova Frontiera Junior) tradotto da Anna Becchi.</li>
</ul>
<p>Il <b>Premio Strega Ragazze e Ragazzi </b>viene assegnato a libri di narrativa per bambini e ragazzi pubblicati in Italia, anche in traduzione. Alla scadenza del termine per le candidature, abbiamo ricevuto dagli editori <b>31 </b>proposte per la categoria 6+, <b>49 </b>per la categoria 8+ e <b>54 </b>per la categoria 11+. A partire da quest’anno, infatti, le categorie in concorso sono tre: una per libri destinati a lettrici e lettori dai 6 ai 7 anni (<b>6+</b>), una per lettrici e lettori dagli 8 ai 10 anni (<b>8+</b>), una per lettrici e lettori dagli 11 ai 13 anni (<b>11+</b>).</p>
<p>Dato l’alto numero di candidature, il Comitato ha ritenuto necessario dedicare all’esame dei libri proposti un tempo di lettura maggiore. Pertanto ha reso nota una <b>preselezione </b>per ogni categoria di concorso, composta da un massimo di dodici titoli. Le <b>terzine finaliste </b>nelle tre categorie saranno annunciate a settembre, all’inizio del nuovo anno scolastico. Questi i titoli della preselezione:</p>
<h3>Categoria 6+</h3>
<ul>
<li><strong>Alex Cousseau</strong>, <em>Murdo – Il libro dei sogni impossibili </em>(L’Ippocampo)</li>
<li><strong>Emanuela Da Ros</strong>, <em>Penka la mucca clandestina </em>(Feltrinelli)</li>
<li><strong>Luigi Dal Cin</strong>,<em>Memorie di un ciliegio </em>(Emme Edizioni)</li>
<li><strong>Giuseppe Ferrario</strong>, <em>Thoni</em><em> e</em> <em>i s</em><em>uoi </em><em>c</em><em>ugini. Un’estate </em><em>f</em><em>uor </em><em>d</em><em>’acqua </em>(HarperCollins)</li>
<li><strong>Laura Imai Messina</strong>, <em>Goro Goro </em>(Salani)</li>
<li><strong>Rose Lagercrantz</strong>, <em>Il mio cuore ride e saltella </em>(Il Castoro)</li>
<li><strong>Elisa Mazzoli</strong>, <em>50 storie per stare insieme alle storie </em>(Pulce)</li>
<li><strong>Guido Quarzo</strong>, <em>Il bambino, la volpe e il buio </em>(Edizioni San Paolo)</li>
</ul>
<h3>Categoria 8+</h3>
<ul>
<li><strong>Alice Keller</strong>, <em>Caro signor F. </em>(Camelozampa)</li>
<li><strong>Håkon Øvreås</strong>, <em>Aaron X </em>(Giunti Editore)</li>
<li><strong>Angelo Petrosino</strong>, <em>Le avventure della gatta Ludovica </em>(Einaudi Ragazzi)</li>
<li><strong>Bjarne Reuter</strong>, <em>Elise e il cane di seconda mano </em>(Iperborea)</li>
<li><strong>Maddalena Vaglio Tanet</strong>, <em>Il cavolo di Troia e altri miti sbagliati </em>(Rizzoli)</li>
<li><strong>Anna Vivarelli</strong>, <em>La casa delle meraviglie </em>(Feltrinelli)</li>
<li><strong>Anna Woltz</strong>, <em>Tess e la settimana più folle della mia vita </em>(Beisler)</li>
<li><strong>Juris Zvirgzdiņš</strong>, <em>Rinoceronte alla Riscossa </em>(Sinnos)</li>
</ul>
<h3>Categoria 11+</h3>
<ul>
<li><strong>Anne Blankman</strong>, <em>Blackbird. I colori del cielo </em>(Giunti Editore)</li>
<li><strong>Manlio Castagna</strong>, <em>La notte delle malombre </em>(Mondadori)</li>
<li><strong>Sharon Draper</strong>, <em>Divisa in due </em>(Feltrinelli)</li>
<li><strong>Malika Ferdjoukh</strong>, <em>Quattro sorelle. Enid </em>(Pension Lepic)</li>
<li><strong>Alice Keller</strong>, <em>Il solitario di Rodriguez </em>(Risma Libri)</li>
<li><strong>Paul Martin</strong>, <em>Violetta Urlavento. La battaglia della Protettrice </em>(Terre di mezzo)</li>
<li><strong>Davide Morosinotto</strong>, <em>La più grande </em>(Rizzoli)</li>
<li><strong>Annet Schaap</strong>, <em>Lucilla </em>(La Nuova Frontiera Junior)</li>
<li><strong>Fatima Sharafeddine</strong>, <em>Faten </em>(Gallucci)</li>
<li><strong>Silvia Vecchini</strong>, <em>Prima che sia notte </em>(Bompiani)</li>
<li><strong>Jakob Wegelius</strong>, <em>La scimmia dell’assassino </em>(Iperborea)</li>
<li><strong>Ross Welford</strong>, <em>Il ragazzo di 1000 anni </em>(HarperCollins)</li>
</ul>
<p>Nato con lo scopo di andare alle radici della passione per la lettura promuovendone l’alto valore formativo, il Premio Strega Ragazze e Ragazzi coinvolge nell’assegnazione del riconoscimento circa duemila studenti, <b>fra i 6 e i 13 anni di età</b>, di <b>160 scuole </b>primarie e secondarie di primo grado in Italia e all’estero, invitandoli a rivelare quali sono le storie, i personaggi e gli autori più amati.</p>
<p>Grazie alla rinnovata collaborazione con <b>IBS.it La Feltrinelli</b>, sponsor tecnico del Premio, ciascun giurato riceverà un buono del valore di 5 euro per l’acquisto dei libri selezionati, mentre le scuole coinvolte riceveranno una copia dei libri finalisti a sostegno delle biblioteche d’istituto.</p>
<p>In linea con la nuova configurazione del Premio, <b>BPER Banca </b>consegnerà tre riconoscimenti in denaro, destinati all’acquisto di attrezzature scolastiche, rispettivamente a una scuola che compone la giuria della categoria 6+ e a una della categoria 8+, per le originali attività di promozione della lettura svolte a partire dai libri finalisti. Sarà premiato inoltre uno studente della giuria 11+ per la migliore recensione a un libro finalista nella propria categoria di concorso.</p>
<p>Il Premio Strega Ragazze e Ragazzi è promosso da <b>Fondazione Maria e Goffredo Bellonci </b>e <b>Strega Alberti Benevento</b>, organizzatori del <b>Premio Strega</b>, con il <b>Centro per il libro e la lettura </b>e <b>Bologna Fiere-Bologna Children’s Book Fair</b>, in collaborazione con <b>BPER Banca </b>e <b>IBS.it La Feltrinelli</b>.</p>
