{"id":9530,"date":"2021-10-17T15:21:10","date_gmt":"2021-10-17T13:21:10","guid":{"rendered":"https:\/\/www.premiostrega.it\/PSR\/?page_id=9530"},"modified":"2024-03-24T17:57:05","modified_gmt":"2024-03-24T16:57:05","slug":"2021-il-comitato-scientifico","status":"publish","type":"page","link":"https:\/\/www.premiostrega.it\/PSR\/2021-il-comitato-scientifico\/","title":{"rendered":"2021 Comitato scientifico"},"content":{"rendered":"<p><strong>Laura Bellacicco<\/strong><br \/>\n\u00c8 docente di sostegno della scuola primaria e responsabile della Biblioteca Scolastica dell\u2019Istituto Carano Mazzini risultato lo scorso anno vincitore del premio BPER Banca per le scuole. Da sempre appassionata di letteratura per l\u2019infanzia, porta avanti progetti di promozione della lettura collaborando con la Biblioteca Comunale e il Presidio del Libro di Gioia del Colle. Nel tempo libero saltella tra le pagine dei libri, prestando la sua voce per allietare i <em>Piccoli chi<\/em> che incontra sul suo cammino.<\/p>\n<p><strong>Angelo Piero Cappello<\/strong><br \/>\n\u00c8 dirigente pubblico e attualmente dirige il Centro per il libro e la lettura del Ministero per i beni e le attivit\u00e0 culturali e per il Turismo. Per molti anni \u00e8 stato funzionario e poi Dirigente dell\u2019Area della Promozione Culturale del Ministero degli Affari Esteri e della Cooperazione Internazionale, maturando una lunga esperienza presso gli Istituti Italiani di Cultura all\u2019estero.<\/p>\n<p><strong>Flavia Cristiano<\/strong><br \/>\n\u00c8 presidente di IBBY Italia. \u00c8 stata direttore del Centro per il libro e la lettura e dirigente del Ministero per i beni e le attivit\u00e0 culturali, con esperienza professionale pluriennale non soltanto nel mondo istituzionale delle biblioteche, ma anche in quello scientifico come docente e studiosa in materia di storia del libro e del commercio librario.<\/p>\n<p><strong>Fabio Geda<\/strong><br \/>\nFabio Geda, scrittore, si \u00e8 occupato per anni di disagio minorile. Tra i suoi romanzi <em>Nel mare ci sono i coccodrilli<\/em> (Baldini e Castoldi), <em>Anime scalze<\/em> (Einaudi) e la saga <em>Berlin e Il lato oscuro della luna<\/em> (Mondadori Ragazzi) scritta insieme a Marco Magnone.<\/p>\n<p><strong>Grazia Gotti<\/strong><br \/>\n\u00c8 coofondatrice della Libreria Giannino Stoppani e Presidente dell\u2019omonima Cooperativa che ha dato vita all\u2019Accademia Drosselmeier, Scuola per Librai e Centro Studi. Collabora con editori italiani e stranieri, \u00e8 consulente della Bologna Children\u2019s Book Fair e membro Ibby Italia. Tiene la rubrica <em>Mappamondi<\/em> sulla rivista \u00abLIBER\u00bb. Pubblica per adulti e per ragazzi con Einaudi Ragazzi, Bompiani, Lapis, Edizioni Primavera. \u00c8 presidente del Comitato Nazionale Gianni Rodari.<\/p>\n<p><strong>Martino Negri<\/strong><br \/>\n\u00c8 ricercatore all\u2019Universit\u00e0 degli studi di Milano-Bicocca, dove insegna Didattica della letteratura e Letteratura per l\u2019infanzia.<\/p>\n<p><strong>Elena Pasoli<\/strong><br \/>\n\u00c8 direttrice della Bologna Children\u2019s Book Fair, con la quale ha collaborato, in diversi ruoli, fin dagli anni Novanta.<\/p>\n<p><strong>Giovanni Solimine<\/strong><br \/>\nInsegna alla Sapienza \u2013 Universit\u00e0 di Roma, dove dirige il dipartimento di Scienze documentarie, linguistiche e filologiche. Studioso di problemi del libro, dell\u2019editoria, della lettura e delle biblioteche \u2013 suoi i volumi <em>L\u2019Italia che legge<\/em> e <em>Senza sapere<\/em>, pubblicati da Laterza \u2013 \u00e8 stato presidente del Forum del libro e componente del Consiglio superiore dei beni culturali.<\/p>\n","protected":false},"excerpt":{"rendered":"<p>Laura Bellacicco \u00c8 docente di sostegno della scuola primaria e responsabile della Biblioteca Scolastica dell\u2019Istituto Carano Mazzini risultato lo scorso anno vincitore del premio BPER Banca per le scuole. Da sempre appassionata di letteratura per l\u2019infanzia, porta avanti progetti di promozione della lettura collaborando con la Biblioteca Comunale e il Presidio del Libro di Gioia [&hellip;]<\/p>\n","protected":false},"author":1,"featured_media":18023,"parent":0,"menu_order":0,"comment_status":"closed","ping_status":"closed","template":"","meta":{"footnotes":""},"class_list":["post-9530","page","type-page","status-publish","has-post-thumbnail","hentry"],"_links":{"self":[{"href":"https:\/\/www.premiostrega.it\/PSR\/wp-json\/wp\/v2\/pages\/9530","targetHints":{"allow":["GET"]}}],"collection":[{"href":"https:\/\/www.premiostrega.it\/PSR\/wp-json\/wp\/v2\/pages"}],"about":[{"href":"https:\/\/www.premiostrega.it\/PSR\/wp-json\/wp\/v2\/types\/page"}],"author":[{"embeddable":true,"href":"https:\/\/www.premiostrega.it\/PSR\/wp-json\/wp\/v2\/users\/1"}],"replies":[{"embeddable":true,"href":"https:\/\/www.premiostrega.it\/PSR\/wp-json\/wp\/v2\/comments?post=9530"}],"version-history":[{"count":15,"href":"https:\/\/www.premiostrega.it\/PSR\/wp-json\/wp\/v2\/pages\/9530\/revisions"}],"predecessor-version":[{"id":19823,"href":"https:\/\/www.premiostrega.it\/PSR\/wp-json\/wp\/v2\/pages\/9530\/revisions\/19823"}],"wp:featuredmedia":[{"embeddable":true,"href":"https:\/\/www.premiostrega.it\/PSR\/wp-json\/wp\/v2\/media\/18023"}],"wp:attachment":[{"href":"https:\/\/www.premiostrega.it\/PSR\/wp-json\/wp\/v2\/media?parent=9530"}],"curies":[{"name":"wp","href":"https:\/\/api.w.org\/{rel}","templated":true}]}}